ime factors of 328150.
2, 5, 6563
List the prime factors of 1961361.
3, 72643
What are the prime factors of 1759940?
2, 5, 7, 13, 967
What are the prime factors of 739275?
3, 5, 9857
What are the prime factors of 2221792?
2, 69431
What are the prime factors of 658556?
2, 61, 2699
What are the prime factors of 2123013?
3, 707671
List the prime factors of 1666622.
2, 31, 26881
List the prime factors of 24606679.
197, 124907
What are the prime factors of 137961?
3, 15329
List the prime factors of 5755425.
3, 5, 13, 5903
What are the prime factors of 80286?
2, 3, 13381
What are the prime factors of 399342?
2, 3, 19, 31, 113
What are the prime factors of 11060219?
1951, 5669
List the prime factors of 172797.
3, 239, 241
List the prime factors of 237122.
2, 53, 2237
List the prime factors of 998828.
2, 71, 3517
What are the prime factors of 4139711?
109, 163, 233
List the prime factors of 1250207.
7, 178601
What are the prime factors of 87571?
11, 19, 419
List the prime factors of 225587.
19, 31, 383
List the prime factors of 133328.
2, 13, 641
List the prime factors of 270462.
2, 3, 45077
List the prime factors of 149918.
2, 74959
List the prime factors of 448156.
2, 181, 619
List the prime factors of 2282550.
2, 3, 5, 15217
List the prime factors of 11838362.
2, 5919181
What are the prime factors of 8251343?
8251343
What are the prime factors of 16330192?
2, 359, 2843
What are the prime factors of 16823276?
2, 4205819
List the prime factors of 8568647.
8568647
What are the prime factors of 31240009?
19, 797, 2063
List the prime factors of 1206277.
1206277
List the prime factors of 558418.
2, 7, 39887
What are the prime factors of 4169935?
5, 7, 11, 10831
List the prime factors of 15662818.
2, 7831409
List the prime factors of 1844246.
2, 922123
List the prime factors of 397150.
2, 5, 13, 47
What are the prime factors of 1852112?
2, 115757
What are the prime factors of 329225?
5, 13, 1013
List the prime factors of 20638867.
17, 41, 29611
What are the prime factors of 3875335?
5, 19, 113
List the prime factors of 159332.
2, 61, 653
List the prime factors of 10139864.
2, 7, 25867
What are the prime factors of 3451089?
3, 1150363
List the prime factors of 1489216.
2, 23269
What are the prime factors of 1366160?
2, 5, 17077
List the prime factors of 635910.
2, 3, 5, 11, 41, 47
What are the prime factors of 1444831?
79, 18289
List the prime factors of 462799.
31, 14929
What are the prime factors of 2923641?
3, 7, 31, 499
What are the prime factors of 11830676?
2, 11, 13, 37, 43
List the prime factors of 139097.
7, 31, 641
List the prime factors of 25676635.
5, 5135327
List the prime factors of 26750263.
367, 72889
What are the prime factors of 340587?
3, 13, 41, 71
What are the prime factors of 58492?
2, 7, 2089
List the prime factors of 10635261.
3, 7, 13, 163, 239
What are the prime factors of 460960?
2, 5, 43, 67
List the prime factors of 1214504.
2, 151813
What are the prime factors of 4811908?
2, 1202977
List the prime factors of 104883.
3, 34961
What are the prime factors of 75611?
75611
List the prime factors of 5207222.
2, 59, 44129
List the prime factors of 1231606.
2, 43, 14321
What are the prime factors of 25333691?
179, 141529
What are the prime factors of 263592?
2, 3, 7, 523
List the prime factors of 1610133.
3, 7, 76673
What are the prime factors of 1222?
2, 13, 47
What are the prime factors of 6252545?
5, 13, 29, 31, 107
What are the prime factors of 75198?
2, 3, 83, 151
What are the prime factors of 13799492?
2, 7, 492839
What are the prime factors of 19607869?
191, 251, 409
What are the prime factors of 158509?
13, 89, 137
List the prime factors of 2527385.
5, 7, 72211
List the prime factors of 2213080.
2, 5, 61, 907
What are the prime factors of 318460?
2, 5, 15923
List the prime factors of 39479.
11, 37, 97
What are the prime factors of 13053222?
2, 3, 7, 13, 613
List the prime factors of 171344.
2, 10709
List the prime factors of 9010953.
3, 7, 139
What are the prime factors of 10873016?
2, 7, 11, 19, 929
What are the prime factors of 823744?
2, 61, 211
What are the prime factors of 157044?
2, 3, 23, 569
List the prime factors of 409054.
2, 17, 53, 227
What are the prime factors of 701097?
3, 17, 59, 233
What are the prime factors of 604745?
5, 79, 1531
List the prime factors of 281303.
11, 107, 239
What are the prime factors of 86033?
227, 379
What are the prime factors of 13225200?
2, 3, 5, 103, 107
What are the prime factors of 636115?
5, 29, 41, 107
What are the prime factors of 1389915?
3, 5, 67, 461
List the prime factors of 437759.
7, 23, 2719
What are the prime factors of 55168?
2, 431
List the prime factors of 4702664.
2, 587833
What are the prime factors of 608069?
7, 11, 53, 149
List the prime factors of 3033049.
71, 42719
List the prime factors of 890223.
3, 296741
What are the prime factors of 6628695?
3, 5, 441913
What are the prime factors of 526197?
3, 7, 25057
List the prime factors of 1429661.
1429661
What are the prime factors of 2129634?
2, 3, 13, 19, 479
What are the prime factors of 11082659?
7, 487, 3251
What are the prime factors of 11821349?
11821349
List the prime factors of 72655.
5, 11, 1321
What are the prime factors of 27651?
3, 13, 709
List the prime factors of 4257501.
3, 19, 113, 661
What are the prime factors of 1971471?
3, 37, 17761
What are the prime factors of 286723?
29, 9887
List the prime factors of 179686.
2, 13, 6911
List the prime factors of 954575.
5, 38183
List the prime factors of 638962.
2, 17, 18793
List the prime factors of 205727.
409, 503
What are the prime factors of 15464419?
97, 131, 1217
List the prime factors of 283935.
3, 5, 23, 823
List the prime factors of 458410.
2, 5, 45841
List the prime factors of 197999.
17, 19, 613
List the prime factors of 1593810.
2, 3, 5, 5903
List the prime factors of 11908733.
23, 607, 853
What are the prime factors of 159178?
2, 79589
What are the prime factors of 721388?
2, 180347
List the prime factors of 21848330.
2, 5, 7, 107, 2917
What are the prime factors of 46083?
3, 15361
List the prime factors of 22460835.
3, 5, 43, 97, 359
List the prime factors of 574902.
2, 3, 19, 41
What are the prime factors of 1406060?
2, 5, 229, 307
What are the prime factors of 569442?
2, 3, 94907
What are the prime factors of 1104379?
1104379
What are the prime factors of 1610761?
1610761
List the prime factors of 2069631.
3, 17, 167
List the prime factors of 998991.
3, 7, 101, 157
List the prime factors of 274072.
2, 34259
List the prime factors of 395652.
2, 3, 32971
What are the prime factors of 3213025?
5, 128521
List the prime factors of 270423.
3, 30047
What are the prime factors of 278194?
2, 7, 31, 641
List the prime factors of 11482146.
2, 3, 13, 49069
What are the prime factors of 1131306?
2, 3, 11, 61, 281
What are the prime factors of 112786?
2, 56393
List the prime factors of 1196680.
2, 5, 29917
What are the prime factors of 916806?
2, 3, 11, 29, 479
List the prime factors of 9305446.
2, 4652723
List the prime factors of 734086.
2, 241, 1523
What are the prime factors of 7075746?
2, 3, 393097
List the prime factors of 260637.
3, 13, 41, 163
What are the prime factors of 1610631?
3, 11, 17, 29
What are the prime factors of 10240682?
2, 67, 76423
What are the prime factors of 162591?
3, 11, 13, 379
What are the prime factors of 17693150?
2, 5, 47, 7529
What are the prime factors of 18899730?
2, 3, 5, 23333
What are the prime factors of 8296811?
67, 123833
What are the prime factors of 7090064?
2, 443129
What are the prime factors of 2380638?
2, 3, 13, 23, 1327
What are the prime factors of 396599?
7, 53, 1069
List the prime factors of 4504707.
3, 166841
What are the prime factors of 386883?
3, 7, 23, 89
What are the prime factors of 3894490?
2, 5, 191, 2039
What are the prime factors of 32045516?
2, 8011379
List the prime factors of 491663.
19, 113, 229
What are the prime factors of 5704130?
2, 5, 570413
What are the prime factors of 446078?
2, 29, 7691
List the prime factors of 257555.
5, 51511
What are the prime factors of 710934?
2, 3, 7, 16927
What are the prime factors of 5290367?
31, 47, 3631
What are the prime factors of 1011234?
2, 3, 7, 24077
List the prime factors of 9740682.
2, 3, 7, 73, 353
What are the prime factors of 30247?
7, 29